 is -10 (base 6) in base 2?
-110
-102 (base 12) to base 7
-266
14 (base 12) to base 4
100
37 (base 9) to base 10
34
-16 (base 7) to base 13
-10
What is 42 (base 8) in base 12?
2a
What is -11 (base 15) in base 9?
-17
Convert 6 (base 10) to base 14.
6
9 (base 10) to base 3
100
What is -1 (base 14) in base 5?
-1
23 (base 11) to base 6
41
Convert -5 (base 8) to base 7.
-5
Convert -1210 (base 3) to base 11.
-44
3 (base 13) to base 15
3
What is -ce (base 15) in base 13?
-11c
What is 1233 (base 4) in base 14?
7d
10 (base 10) to base 13
a
-b1 (base 16) to base 3
-20120
What is 40 (base 16) in base 4?
1000
What is -2 (base 4) in base 9?
-2
Convert 1 (base 15) to base 3.
1
What is 0 (base 3) in base 16?
0
What is 125 (base 9) in base 10?
104
Convert 10 (base 14) to base 2.
1110
What is 11111 (base 2) in base 14?
23
Convert 66 (base 10) to base 2.
1000010
What is 360 (base 8) in base 5?
1430
Convert 3 (base 9) to base 13.
3
3 (base 12) to base 10
3
What is -10101110 (base 2) in base 13?
-105
Convert -33 (base 4) to base 8.
-17
Convert -59 (base 11) to base 10.
-64
Convert -2 (base 11) to base 16.
-2
What is 6 (base 9) in base 15?
6
What is 84 (base 12) in base 16?
64
Convert 177 (base 11) to base 4.
3031
Convert -6a (base 12) to base 15.
-57
Convert -3 (base 9) to base 11.
-3
-133 (base 6) to base 5
-212
-400 (base 5) to base 3
-10201
What is 5 (base 10) in base 6?
5
0 (base 10) to base 6
0
What is -63 (base 16) in base 10?
-99
What is -40 (base 9) in base 16?
-24
-52 (base 6) to base 13
-26
-27 (base 8) to base 13
-1a
111 (base 3) to base 15
d
Convert 16 (base 15) to base 9.
23
What is 122 (base 5) in base 8?
45
Convert 234 (base 6) to base 2.
1011110
Convert 0 (base 6) to base 7.
0
36 (base 15) to base 2
110011
-39 (base 11) to base 6
-110
What is 4 (base 14) in base 6?
4
1 (base 10) to base 16
1
-8 (base 15) to base 11
-8
What is -34 (base 8) in base 4?
-130
-123 (base 12) to base 4
-2223
Convert -6 (base 9) to base 4.
-12
-401 (base 6) to base 14
-a5
Convert -3 (base 6) to base 5.
-3
Convert 73 (base 11) to base 4.
1100
Convert -11 (base 11) to base 2.
-1100
Convert 111 (base 3) to base 4.
31
Convert -18 (base 9) to base 3.
-122
Convert 11 (base 5) to base 12.
6
Convert 7 (base 14) to base 15.
7
What is -112 (base 3) in base 5?
-24
What is 55 (base 14) in base 8?
113
-11 (base 2) to base 14
-3
-115 (base 15) to base 3
-100002
What is 5 (base 6) in base 12?
5
16 (base 7) to base 4
31
21 (base 10) to base 13
18
What is -106 (base 9) in base 8?
-127
What is -102 (base 3) in base 14?
-b
What is 10 (base 12) in base 9?
13
Convert 246 (base 8) to base 4.
2212
-42 (base 13) to base 2
-110110
-1 (base 6) to base 5
-1
Convert -2c (base 15) to base 14.
-30
-5 (base 13) to base 12
-5
2100 (base 3) to base 12
53
2c (base 14) to base 12
34
b (base 12) to base 4
23
-17 (base 13) to base 15
-15
-101 (base 10) to base 11
-92
10000001 (base 2) to base 7
243
-122 (base 3) to base 11
-16
12 (base 6) to base 14
8
Convert -9 (base 15) to base 2.
-1001
Convert 1 (base 3) to base 7.
1
Convert -91 (base 16) to base 9.
-171
10 (base 8) to base 6
12
What is -2 (base 16) in base 13?
-2
-48 (base 10) to base 4
-300
What is -16 (base 14) in base 16?
-14
23 (base 4) to base 7
14
38 (base 14) to base 11
46
Convert -24 (base 9) to base 10.
-22
-8 (base 13) to base 4
-20
What is c1 (base 13) in base 4?
2131
15 (base 7) to base 15
c
Convert 20 (base 8) to base 16.
10
Convert 6 (base 14) to base 8.
6
Convert -37 (base 8) to base 9.
-34
Convert 0 (base 11) to base 10.
0
-5 (base 16) to base 15
-5
Convert -276 (base 8) to base 15.
-ca
What is -26 (base 10) in base 3?
-222
-184 (base 9) to base 10
-157
11 (base 7) to base 2
1000
Convert -14 (base 8) to base 7.
-15
What is 5 (base 15) in base 8?
5
1 (base 14) to base 16
1
What is 237 (base 8) in base 7?
315
Convert 6 (base 16) to base 2.
110
What is 4 (base 10) in base 4?
10
120 (base 5) to base 3
1022
-51 (base 8) to base 6
-105
Convert -4 (base 13) to base 6.
-4
Convert -b5 (base 16) to base 4.
-2311
-1 (base 3) to base 4
-1
What is -121 (base 7) in base 10?
-64
-43 (base 15) to base 2
-111111
-2 (base 7) to base 8
-2
What is -1 (base 16) in base 7?
-1
What is -5a (base 16) in base 3?
-10100
18 (base 13) to base 10
21
What is -5 (base 14) in base 6?
-5
-91 (base 13) to base 11
-a8
-2 (base 15) to base 14
-2
Convert -10101 (base 2) to base 7.
-30
Convert -16 (base 15) to base 9.
-23
Convert 5 (base 14) to base 4.
11
Convert 221 (base 3) to base 5.
100
Convert 3 (base 11) to base 4.
3
-2 (base 6) to base 7
-2
What is 0 (base 15) in base 12?
0
5 (base 15) to base 11
5
What is 0 (base 6) in base 13?
0
What is 20 (base 15) in base 12?
26
-7 (base 16) to base 14
-7
What is -7b (base 15) in base 8?
-164
What is 10 (base 2) in base 4?
2
Convert 4 (base 13) to base 4.
10
Convert -1 (base 10) to base 16.
-1
Convert 15 (base 11) to base 10.
16
Convert 0 (base 16) to base 13.
0
1d (base 15) to base 3
1001
What is 16 (base 11) in base 6?
25
Convert 0 (base 4) to base 8.
0
-33 (base 9) to base 2
-11110
-11 (base 12) to base 4
-31
-31 (base 4) to base 3
-111
-2 (base 13) to base 2
-10
Convert 4 (base 13) to base 16.
4
Convert 59 (base 14) to base 9.
87
What is -20 (base 3) in base 11?
-6
What is 3a (base 14) in base 15?
37
What is -30 (base 6) in base 13?
-15
-3 (base 16) to base 5
-3
What is -101 (base 2) in base 4?
-11
Convert 2 (base 11) to base 16.
2
What is 19 (base 14) in base 11?
21
-4a (base 12) to base 14
-42
Convert 10000101 (base 2) to base 15.
8d
Convert -1312 (base 4) to base 9.
-141
What is -17 (base 15) in base 7?
-31
What is -77 (base 14) in base 9?
-126
What is 151 (base 7) in base 5?
320
Convert -2 (base 12) to base 5.
-2
5 (base 15) to base 9
5
Convert -143 (base 5) to base 4.
-300
What is -131 (base 5) in base 14?
-2d
2 (base 14) to base 10
2
Convert 5 (base 8) to base 11.
5
What is 10 (base 3) in base 9?
3
Convert -3 (base 5) to base 2.
-11
-12 (base 3) to base 10
-5
Convert -6 (base 10) to base 3.
-20
What is 6 (base 13) in base 10?
6
What is 9 (base 14) in base 10?
9
-95 (base 13) to base 6
-322
What is -1 (base 5) in base 10?
-1
-2 (base 16) to base 6
-2
Convert -3 (base 16) to base 11.
-3
What is -122 (base 4) in base 9?
-28
What is 2 (base 10) in base 16?
2
-d5 (base 14) to base 13
-115
What is -10 (base 8) in base 10?
-8
29 (base 12) to base 7
45
-133 (base 7) to base 12
-61
10 (base 3) to base 13
3
-2 (base 6) to base 13
-2
What is a (base 15) in base 14?
a
1 (base 12) to base 13
1
Convert -145 (base 7) to base 6.
-214
What is -11 (base 11) in base 14?
-c
What is 0 (base 14) in base 7?
0
Convert 27 (base 11) to base 13.
23
What is -100 (base 2) in base 9?
-4
12 (base 11) to base 2
1101
What is -11110011 (base 2) in base 16?
-f3
What is 11001 (base 2) in base 7?
34
305 (base 10) to base 7
614
10 (base 2) to base 15
2
What is 0 (base 10) in base 8?
0
Convert 2 (base 10) to base 9.
2
Convert 1 (base 3) to base 15.
1
50 (base 6) to base 10
30
What is -364 (base 8) in base 4?
-3310
What is -110 (base 4) in base 2?
-10100
Convert 0 (base 15) to base 6.
0
What is 0 (base 5) in base 16?
0
What is 51 (base 12) in base 7?
115
-26 (base 7) to base 4
-110
What is 0 (base 9) in base 15?
0
-1 (base 5) to base 8
-1
Convert 124 (base 10) to base 13.
97
What is 11011 (base 3) in base 8?
160
What is -16 (base 9) in base 16?
-f
2d (base 15) to base 9
47
15 (base 12) to base 2
10001
121 (base 15) to base 4
10000
What is 0 (base 15) in base 4?
0
Convert -76 (base 8) to base 10.
-62
3 (base 4) to base 11
3
-2 (base 13) to base 3
-2
Convert -4 (base 16) to base 7.
-4
Convert -14 (base 14) to base 7.
-24
-107 (base 9) to base 15
-5d
10 (base 7) to base 8
7
What is 2 (base 11) in base 2?
10
Convert 54 (base 6) to base 16.
22
84 (base 12) to base 11
91
What is -1 (base 2) in base 9?
-1
Convert 2 (base 7) to base 13.
2
Convert 81 (base 15) to base 11.
100
Convert -100100 (base 3) to base 16.
-fc
-4 (base 14) to base 4
-10
7 (base 12) to base 5
12
What is 100 (base 2) in base 12?
4
Convert 0 (base 16) to base 13.
0
4 (base 6) to base 12
4
Convert -5 (base 14) to base 2.
-101
-60 (base 14) to base 2
-1010100
15c (base 13) to base 16
f6
Convert 2 (base 6) to base 9.
2
Convert -3 (base 10) to base 15.
-3
Convert -2 (base 13) to base 9.
-2
10 (base 1